What is the thousands digit of b(-47)?
9
Suppose 5*r = 4*u + 16, 0 = -3*r - 4*u + 10 + 6. Let k = 9 - 7. Suppose -k*g + 446 = -5*b, -2*g - r*b = -563 + 117. What is the hundreds digit of g?
2
Let n(u) = 6*u - 12. Let x be n(3). Let y be (8/x)/4 - 12234/(-18). Suppose -3*q = -y - 52. What is the hundreds digit of q?
2
Suppose -740655 = 83*k - 330*k + 4644192. What is the ten thousands digit of k?
2
Let w(y) = -y**2 + y + 1. Let z = 32 - 38. Let r(i) = -11*i**3 + 8*i**2 - 11*i - 1. Let q(k) = z*w(k) - r(k). What is the units digit of q(2)?
5
Suppose 11*n - 2618 + 264 = 0. Let p = n - -655. What is the tens digit of p?
6
What is the units digit of 18927 + ((-10)/(-4))/(-14 + 19)*-4?
5
Let u = -833 + 1168. Let p = -273 + u. What is the tens digit of p?
6
Let i = -38 - -53. Suppose -4*r = -r - i. Suppose r*s + 0*u - 4*u = 48, 3*u - 10 = -2*s. What is the units digit of s?
8
Suppose 5*c + l = 25, l - 14 + 9 = 0. Suppose 5*j - 288 = c*m, 3*m = 4*j - 2*m - 225. What is the units digit of j?
0
Let q be ((-6)/(-4) - 2)*2. Let f(z) = 141*z - 1. Let o be f(q). What is the hundreds digit of 2 + 1 - (1 + -1 + o)?
1
Let f = -62 - -57. What is the hundreds digit of f + -3 + 396 + 3?
3
Let v(p) = -71*p**2 + 4*p - 1. Let i be v(2). Let f = 549 + i. What is the hundreds digit of f?
2
Suppose -4*v = 3*n - 21702, -5*v - 2*n + 13648 + 13476 = 0. What is the thousands digit of v?
5
What is the tens digit of (-11)/55 - 1761/(-15)*(168 - 0)?
2
Suppose 3*c - 5907 = u, -c + 6*u - 4*u = -1974. What is the thousands digit of c?
1
Suppose -3*j + 1291 - 250 = 0. Let d = j + -84. What is the hundreds digit of d?
2
Let q = -14781 - -24206. What is the units digit of q?
5
What is the ten thousands digit of 197/(15 + 19692/(-1314))?
1
Suppose -7*i = 21*i - 3*i - 194275. What is the thousands digit of i?
7
Suppose 2*b - 6568 = -3*j, -85*j = 3*b - 88*j - 9852. What is the hundreds digit of b?
2
Let s be ((-22)/33)/((-4)/5322). Let d = s - 494. What is the tens digit of d?
9
Let w(r) = -r**3 - 6*r**2 + 3*r - 24. Let u be w(-7). Suppose 5*i = -u*b + 245, b + 6*i - i = 50. What is the tens digit of b?
6
Let y = -5680 - -22025. What is the units digit of y?
5
Let m(t) = -5*t + 16. Suppose -7 = -l - 4. Suppose -4*r = 3*w - 0*w - 4, -5 = -l*w - 5*r. What is the units digit of m(w)?
6
Suppose -7*b + 194680 = 39021. What is the ten thousands digit of b?
2
Let l = 576 - 2683. Let v = -846 - l. What is the tens digit of v?
6
Suppose -11*w = -6*w + 5*d - 1225, -4*d = -4*w + 1004. Suppose -3*p - 380 = 2*p. Let h = p + w. What is the hundreds digit of h?
1
Let a be 825/12 + (-1)/(-4). Suppose -a*f + 627 = -68*f. What is the tens digit of f?
2
Let u = -208 + 306. Suppose 0 = 8*r + 2 - u. Let o(n) = n**3 - 9*n**2 - 19*n + 7. What is the tens digit of o(r)?
1
Suppose -20 + 48 = 2*t. Let a be 4 - ((-16)/7 + t/49). Let c(d) = d**3 - 4*d**2 + 5*d - 11. What is the tens digit of c(a)?
9
Let o = -4315 + 8609. What is the units digit of o?
4
Let a(g) = -g**3 + 40*g**2 - 40*g - 146. What is the units digit of a(23)?
7
Let y = -1 + 5. Let o(h) = 38*h**2 + y - 57*h**2 + 27*h**2 - 5*h. What is the units digit of o(2)?
6
Let t be (3/((-3)/(-5)))/(10/(-20)). What is the hundreds digit of 112/t*(-20)/1?
2
What is the ten thousands digit of (((-40250)/(-100))/115)/(1/11426 - 0)?
3
Let x = -498 + 823. Suppose -2*h + x = -i, -188 = -2*h - 3*i + 149. Let q = h - 22. What is the units digit of q?
2
Let b(x) = 1428*x - 116. Let w be b(4). Suppose 0 = 4*o + 3*k - w, -4*o + 5*k + 2975 = -2653. What is the hundreds digit of o?
4
Let b = 34 - 29. Suppose -2*q = -m - 24, -3*m - 60 = -b*q + m. What is the tens digit of (-817)/(-6)*1 + (-2)/q?
3
Let b be (2 - (-3)/(-3))/((-2)/30). Let h = b - -41. Suppose 5*a - 5*p = 530, -3*a - 2*p + 277 = -h. What is the tens digit of a?
0
Let y = 1430 - -346. Suppose -19*d = -11*d - y. What is the tens digit of d?
2
Let w(t) = -2*t**3 - 16*t**2 - 23*t - 97. What is the hundreds digit of w(-22)?
9
Let c(n) = -7*n**2 + 8*n + 6348. What is the units digit of c(0)?
8
Suppose 92*n - 673279 = 19*n. What is the thousands digit of n?
9
Let y(h) = 5*h - 15. Suppose d - 2*r = 3*r, 0 = 5*d - 5*r - 40. Let c be y(d). Let t = -13 + c. What is the tens digit of t?
2
Let j = 86317 - 49619. What is the units digit of j?
8
Suppose 2*f = -7*v + 2*v + 647, -5*v - 657 = -2*f. Let l = f - 232. What is the tens digit of l?
9
What is the ten thousands digit of 386/5790 + 1244578/30?
4
Let k be 4/(-14) + 32/14. Let y(c) = 3*c**3 + 2 - 3225*c**2 + 3225*c**2 + 0*c**3 + c. What is the tens digit of y(k)?
2
Let m(d) = -d**2 - 10*d + 6. Let n be m(-7). Suppose -h - 11232 = -n*h. What is the tens digit of h?
3
Let g(j) = 107*j**2 - 138*j - 1229. What is the ten thousands digit of g(-10)?
1
Suppose 5*w + 246 - 221 = 0. What is the hundreds digit of -1*(-462)/1 - (8 + w)?
4
Let p be (-1)/6 - (-1044)/(-216). Let d(a) = -3*a**3 + 8*a**2 + 8*a - 25. What is the tens digit of d(p)?
1
Let o = 30 + -28. Let c = o - -81. Let b = c - 48. What is the tens digit of b?
3
What is the units digit of (-16)/6*(-218430)/20?
4
Suppose -71*b + 70*b = -1, -7*g - b + 173895 = 0. What is the units digit of g?
2
Suppose -3*f + v + 6900 = 0, -6*f - 3*v - 4607 = -8*f. Let h = f - 1369. What is the units digit of h?
0
Let g be 4*1 + (-7 - -5). Suppose 4*x = -g*m - 764, -5*m + 2*m = 2*x + 386. Let l = 266 + x. What is the tens digit of l?
7
What is the thousands digit of (-2 - (-21714)/10) + 182/(-455)?
2
Let v(m) = -m**3 + 7*m**2 - 8*m - 5. Let x be v(3). What is the units digit of ((-78092)/(-20))/x + (-2)/(-10)?
8
What is the thousands digit of 6/(-3 + -9)*76/(-6)*3789?
3
Let p = -14207 - -23946. What is the hundreds digit of p?
7
Let w(d) be the second derivative of -119*d**3/6 - 14*d**2 + 40*d + 3. What is the tens digit of w(-5)?
6
Let o be 6/4*1*10*-3. Let n = o + 50. Suppose 0*c + 30 = n*i - 3*c, 4*c + 25 = 5*i. What is the units digit of i?
9
What is the ten thousands digit of (-8 + (-2231)/(-46))*922?
3
Suppose -5*s + 4339 + 1246 = 0. Suppose -s = -5*p + 68. What is the units digit of p?
7
Suppose 8 = -4*z, 2*w - 2*z = -z + 12. What is the hundreds digit of -1*w/10*-586?
2
Let a(p) = 3298*p + 3460. What is the units digit of a(6)?
8
Let x(y) = 9*y**3 - 7*y**2 - 10*y - 385. Let s(i) = 7*i**3 - 6*i**2 - 9*i - 386. Let m(p) = -5*s(p) + 4*x(p). What is the hundreds digit of m(0)?
3
Suppose -4 = 8*s - 12*s, 4*z - 2*s - 938 = 0. What is the tens digit of -6 + z/(3 + 2)?
4
Suppose -108*i = -114*i + 2502. Suppose -428*p + i*p + 11561 = 0. What is the tens digit of p?
5
Let f(n) = 4*n**2 - 8*n + 2. Let j be ((-4)/6)/2 + (-142)/(-3). Let a = -53 + j. What is the units digit of f(a)?
4
Suppose 0 = -10*f + 3783 + 2437. What is the hundreds digit of f?
6
Let n(m) = 11*m**2 + 22*m - 104. Suppose 0 = 5*u + 10*u - 90. What is the units digit of n(u)?
4
Let o(x) = 732*x**3 + 4*x**2 + x - 1. Let c be o(-1). Let g = c + 907. What is the hundreds digit of g?
1
Let c(v) = v**2 + 23*v + 53. Let w be c(-21). Suppose -6*q + 4063 = w*q. What is the units digit of q?
9
Let i(z) = z**3 + 24*z**2 - 2*z - 54. Let h be i(-24). What is the tens digit of ((-1)/(-3))/(h/(-6102))?
3
Let h = 143 - 78. Suppose 5*y = z - 6*z + 25, 3*z + 5 = 2*y. Suppose h = y*g + 17. What is the tens digit of g?
1
Let o = 3136 - 4986. Let k = 3160 + o. What is the units digit of k?
0
Let d = -5 + 8. Suppose -d*z - 3*u = 153, -2*u - 202 = -z + 5*z. Let x = 67 + z. What is the tens digit of x?
1
Let q = 116719 - 79269. What is the ten thousands digit of q?
3
Suppose 0 = -0*s + 4*s - 1428. Suppose 0 = -71*f + 70*f + s. What is the tens digit of f?
5
What is the units digit of (-11 - -11111) + -11 - 7*-1?
6
Suppose -89*f + 774570 = -26697. What is the units digit of f?
3
What is the tens digit of 30142 - ((-20)/25 - (-372)/(-60))?
4
Suppose 394 + 198 = -2*z - 3*a, 4*a = -z - 296. What is the tens digit of 1/(4/z)*-3?
2
Suppose 27 = 5*t - 3*n, -4 - 3 = 3*t + 4*n. Suppose 776 + 334 = t*a + w, -a = 5*w - 370. Suppose a = 2*o + 3*o. What is the units digit of o?
4
Let n = -60 + 100. Suppose 12*o = n - 4. What is the tens digit of 3 - -194 - o - -2?
9
Suppose -t - 2*y + 572 = 0, 2*y = -4*t + 7*t - 1748. What is the hundreds digit of t/1*9/18?
2
Suppose -4268*v + 4255*v + 2730 = 0. Suppose